 the highest common divisor of 4200 and 493778880.
840
Calculate the highest common divisor of 307400 and 9137465.
7685
What is the greatest common divisor of 103922752 and 96?
32
What is the highest common divisor of 11 and 8274079?
11
What is the greatest common factor of 1900 and 360753?
19
What is the highest common factor of 316232 and 392?
56
What is the highest common factor of 2057 and 642719?
187
What is the highest common factor of 45124966 and 6?
2
Calculate the greatest common divisor of 1575560 and 17543.
331
Calculate the highest common divisor of 5924 and 15018821.
1481
What is the highest common factor of 1756740 and 4965?
15
Calculate the highest common divisor of 20119 and 576290.
341
What is the highest common factor of 22338 and 2047266?
18
Calculate the highest common divisor of 3959499 and 804.
201
Calculate the greatest common divisor of 887 and 20834743.
887
What is the greatest common factor of 352 and 7924796?
44
What is the highest common factor of 307 and 131992501?
307
Calculate the greatest common divisor of 148235034 and 596.
298
Calculate the highest common factor of 70635134 and 3502.
206
What is the greatest common factor of 3458733 and 12869?
757
Calculate the highest common divisor of 4384 and 81443760.
2192
What is the highest common factor of 20171004 and 7?
7
What is the greatest common divisor of 2572702986 and 14?
14
Calculate the highest common factor of 50574062 and 308.
154
Calculate the greatest common divisor of 19 and 5586969551.
19
What is the highest common factor of 2545976 and 96?
8
What is the highest common factor of 912 and 10504112?
304
What is the highest common divisor of 13915 and 769603?
23
Calculate the greatest common factor of 5824 and 35392.
448
Calculate the greatest common factor of 500 and 250140.
20
What is the highest common factor of 777807 and 45?
9
What is the greatest common divisor of 67213878 and 18108?
3018
Calculate the highest common divisor of 61188 and 79524.
12
Calculate the highest common divisor of 31620 and 1589370.
930
What is the highest common divisor of 120310 and 22927?
227
What is the greatest common factor of 40639695 and 30?
15
What is the highest common divisor of 19 and 1519487?
19
What is the greatest common factor of 8751948 and 180?
12
Calculate the highest common divisor of 210 and 601158810.
210
Calculate the greatest common factor of 6453015 and 390345.
795
What is the highest common divisor of 11708336 and 5936?
848
Calculate the highest common factor of 64791342 and 99.
99
Calculate the greatest common divisor of 43375020 and 19500.
780
Calculate the greatest common divisor of 142247680 and 4560.
1520
What is the greatest common divisor of 867 and 60855597?
867
Calculate the highest common factor of 656560996 and 26754.
8918
Calculate the highest common divisor of 578840 and 537544.
232
What is the highest common divisor of 2169927 and 59099?
523
Calculate the highest common divisor of 29587569 and 957.
957
Calculate the highest common divisor of 2581 and 177823157.
2581
Calculate the greatest common divisor of 2515044 and 16037.
553
What is the highest common divisor of 12897720 and 11?
11
Calculate the highest common divisor of 2999315 and 127765.
1265
Calculate the highest common factor of 3262 and 59906.
14
Calculate the highest common factor of 33180 and 1045565.
395
Calculate the greatest common factor of 543393 and 10121.
349
Calculate the highest common factor of 4 and 118082764.
4
Calculate the highest common divisor of 2888967 and 20271.
699
Calculate the highest common factor of 832936096 and 8.
8
What is the highest common factor of 688758108 and 74?
74
Calculate the greatest common factor of 375 and 2772450.
75
What is the greatest common divisor of 9209263 and 18259?
961
What is the greatest common divisor of 20811 and 1235021858?
6937
Calculate the highest common divisor of 274491338 and 2684.
1342
What is the highest common divisor of 1087450 and 3250?
650
Calculate the highest common divisor of 91 and 2517501.
7
Calculate the greatest common factor of 18614955 and 1740.
435
Calculate the greatest common factor of 53860845 and 165.
15
What is the highest common factor of 1427171 and 1775?
71
What is the greatest common divisor of 4365578 and 6734?
14
What is the greatest common divisor of 261100 and 8440244?
1492
Calculate the highest common factor of 2127 and 9537.
3
Calculate the highest common divisor of 31520715 and 722.
361
What is the highest common divisor of 211250 and 77511850?
8450
Calculate the highest common divisor of 24784313 and 766.
383
What is the highest common divisor of 9177 and 3693501?
483
Calculate the highest common factor of 1168 and 32424264.
584
Calculate the greatest common factor of 806 and 3102346.
26
Calculate the greatest common divisor of 1179438 and 936.
78
Calculate the greatest common divisor of 1230725 and 3325.
475
Calculate the greatest common factor of 1305740 and 190.
10
Calculate the highest common divisor of 366768 and 882111.
849
Calculate the highest common factor of 3 and 52602789.
3
Calculate the highest common factor of 126 and 1128096.
18
Calculate the highest common factor of 78775812 and 1998.
666
What is the highest common divisor of 3131597 and 22365?
497
What is the highest common factor of 17140 and 32960?
20
Calculate the highest common factor of 363538674 and 31.
31
What is the highest common factor of 504 and 3516597?
63
What is the highest common divisor of 8067010 and 51170?
1190
Calculate the greatest common divisor of 7013622 and 35904.
1122
What is the highest common divisor of 6071515 and 13135?
185
What is the highest common divisor of 8 and 324648?
8
What is the greatest common factor of 1407816 and 216?
72
What is the highest common factor of 124237 and 1047015?
439
Calculate the highest common factor of 1904251 and 30935.
269
What is the highest common divisor of 995 and 120567135?
995
What is the highest common divisor of 184227560 and 440?
440
Calculate the greatest common divisor of 64 and 6036896.
32
Calculate the greatest common divisor of 1298602 and 158.
158
Calculate the greatest common divisor of 1553233 and 4370553.
3707
What is the greatest common divisor of 594132 and 10332?
84
Calculate the greatest common divisor of 60256464 and 1888.
944
Calculate the highest common factor of 3184 and 6122036.
796
Calculate the greatest common factor of 4718160 and 1116.
36
Calculate the greatest common factor of 2430 and 152642340.
270
What is the greatest common divisor of 19312784 and 22052?
596
Calculate the greatest common factor of 49 and 43214.
1
Calculate the highest common factor of 38563590 and 2028.
78
Calculate the highest common factor of 1406475 and 532.
133
What is the greatest common divisor of 36704 and 166315?
1147
What is the greatest common divisor of 30701545 and 245?
35
What is the greatest common divisor of 660 and 7203804?
12
Calculate the highest common divisor of 89460075 and 7638.
3819
Calculate the highest common factor of 59738 and 1071268.
502
Calculate the greatest common factor of 5925647 and 112.
7
Calculate the greatest common divisor of 18871424 and 3432.
1144
Calculate the highest common divisor of 749174189 and 16708.
4177
What is the highest common factor of 12257321 and 276?
23
What is the highest common factor of 4303112 and 3424?
856
What is the greatest common factor of 926512 and 80?
16
Calculate the greatest common divisor of 2624 and 2901242.
82
What is the greatest common factor of 18529291 and 22?
11
Calculate the highest common factor of 760 and 1673615.
95
What is the highest common divisor of 1144 and 8791772?
44
What is the greatest common factor of 3575946 and 110?
22
Calculate the greatest common divisor of 46266 and 56637996.
4206
What is the greatest common factor of 42920 and 10040?
40
What is the highest common divisor of 598533131 and 7?
7
What is the highest common factor of 1287098 and 2128?
38
What is the greatest common factor of 18175415 and 11292?
941
Calculate the greatest common factor of 2736 and 375152112.
2736
Calculate the highest common divisor of 28575 and 103251.
381
Calculate the highest common factor of 72357816 and 2162.
2162
Calculate the greatest common factor of 10055 and 308879545